**3 + u + 5. Let w(g) = -g**3 + 2*g**2 - g + 2. Let h be w(2). Let r be n(h). Calculate the greatest common divisor of r and 1.
1
Let t be (-2)/(-4) - (-1)/2. Let d = -2 - t. Let z be ((-19)/(-2))/(d/(-66)). What is the highest common divisor of z and 19?
19
Suppose -2*x + 70 = 3*x. Let i = x + -7. What is the highest common divisor of 21 and i?
7
Let d = 4 + 1. Let w(c) = 3*c - 4. Let j be w(d). Suppose -69 = -5*o + j. What is the greatest common divisor of o and 8?
8
Let t be (-7 + 1)*3 + -1. Let h = 22 + t. What is the highest common divisor of h and 33?
3
Suppose -41 = -4*m + 43. What is the highest common factor of m and 84?
21
Let k = 23 + 37. Calculate the highest common factor of k and 150.
30
Let p be ((-2)/6)/((-6)/(-18)). Let m be (4 + p)/(1/(-1)). Let j = 39 - m. What is the greatest common factor of 6 and j?
6
Let k(v) = -3*v + v + 3*v. Let r be k(4). What is the highest common factor of r and 32?
4
Suppose 125 = -3*r + 4*r. What is the greatest common factor of 25 and r?
25
Suppose 0 = -2*b + b + 70. What is the greatest common divisor of b and 14?
14
Suppose -2*r - 872 = 5*n - 2796, -2*n = 4*r - 776. Calculate the greatest common factor of n and 48.
48
Let y be 48*(16/6 - 1). Calculate the greatest common factor of 32 and y.
16
Let x(r) = r**2 + 8*r + 8. Let l be x(-6). Let n = l + 12. Suppose -4*p + 11 = -3*p - 3*o, 5*o + 9 = -3*p. Calculate the highest common divisor of p and n.
2
Let y(k) = 3*k + 2. Let o be y(2). Let m = -9 + 12. Suppose 2*d - m*d + 16 = 0. What is the highest common divisor of d and o?
8
Let m be (-12)/(-8)*4/3. Let f be (1 - -1)/m + 17. Let y be (45/(-12))/((-1)/12). Calculate the greatest common factor of f and y.
9
Suppose 5*h - 244 = 4*w, -42 - 8 = -h + 2*w. What is the greatest common factor of 6 and h?
6
Let r = 2 - -12. Suppose -3*u + 59 + 46 = 0. What is the greatest common divisor of u and r?
7
Let g be (-30)/(-4)*8/10. Let p(d) = 8*d + 10. Let m be p(7). Calculate the highest common factor of m and g.
6
Suppose l - 3 = -h, -2*h - 14 = -2*l - 0*l. Suppose l*k = -2*d + 75, 4*k = -2*d + 5*d - 55. What is the highest common factor of d and 5?
5
Let u(j) = -6 + j + 0 + 0*j + 3. Let c be u(10). Calculate the greatest common divisor of 21 and c.
7
Let r be (-12)/(-24) + (-94)/4. Let s = 47 - r. What is the highest common divisor of 14 and s?
14
Let i be (-280)/(-12) + 2/3. Calculate the greatest common factor of i and 120.
24
Let s = 20 - 9. Let q be 22/1*40/16. What is the greatest common factor of s and q?
11
Let g be (15/(-10))/(2/(-12)). Suppose -s = -5*p + 87, 6*s - g = -p + 2*s. Calculate the highest common factor of p and 17.
17
Suppose -3*q + 3*o + 57 = 0, -3*o = -3*q - 2*o + 51. What is the highest common factor of q and 32?
16
Let x(y) = -8*y - 4. Let u be (1 + 3/2)*-2. Let p be x(u). What is the greatest common divisor of 12 and p?
12
Let z be 44/8 + (-6)/4. What is the highest common divisor of z and 4?
4
Let a be ((-24)/2)/4 - -45. Let s = 53 + -25. What is the greatest common factor of a and s?
14
Let u(b) = b**2 - 13*b. Let i be u(15). Suppose -3*o - 96 = -8*o - 4*f, o - 15 = -5*f. Calculate the highest common divisor of o and i.
10
Suppose 0 = 3*i - 3*s - 30, 2*i - 4 - 14 = s. Calculate the highest common divisor of i and 56.
8
Let b(t) = -15*t + 20. Let p be b(-10). What is the greatest common factor of p and 17?
17
Let r(i) = i**3 - 5*i**2 + 7*i - 4. Let s be r(4). Let m = 0 - -8. Calculate the highest common divisor of s and m.
8
Suppose 16 = t - 47. Let y = 7 + -8. Let z be (-3 + 0)*(y - 2). Calculate the greatest common factor of z and t.
9
Suppose -4*v + v + 3*d = -12, v - 3*d = 10. Suppose 4*k = -4*r + 12, -5*k + r + 2*r - 1 = 0. What is the greatest common factor of k and v?
1
Suppose -15 = -o + 10. Suppose -2*d + o + 71 = 0. What is the greatest common factor of 12 and d?
12
Suppose 5*o = -139 - 101. Suppose d + 7*u + 10 = 2*u, -30 = -3*d - 3*u. Let b be d/(-2)*o/10. What is the greatest common factor of 12 and b?
12
Let y = -28 + 112. Let n be (-4)/12*-33 + 1. Calculate the greatest common divisor of y and n.
12
Let z = -10 - -6. Let n be 5/(-2)*(-18 + z). Calculate the greatest common divisor of n and 22.
11
Let p = -18 - -38. Let o = -3 - -8. What is the greatest common divisor of o and p?
5
Suppose 0 = -5*m - 1 + 11. Let y be 12*m*2/6. What is the greatest common divisor of y and 16?
8
Let a(u) = 5*u - 7. Let o be a(6). Suppose -3*l + o = -13. Calculate the highest common divisor of l and 132.
12
Suppose -i = -3*i + 272. What is the greatest common factor of 17 and i?
17
Let l be 3/(-5)*(-1 - 184). Suppose 4*d + 3*m - 57 = 2*d, 0 = -3*d + 4*m + l. Calculate the greatest common divisor of 11 and d.
11
Suppose -8*d + d = -49. Calculate the greatest common divisor of d and 49.
7
Let r(d) = -d**2 - 35*d - 21. Let k be r(-33). Calculate the highest common factor of 10 and k.
5
Let d(q) = -12*q - 13. Let w be d(-11). Calculate the highest common divisor of w and 17.
17
Suppose 2*m + s = -0*s + 221, -3*m + 2*s = -328. Calculate the greatest common factor of 10 and m.
10
Let n = 134 - 38. What is the highest common divisor of n and 64?
32
Let f = -7 + 12. Calculate the highest common divisor of f and 20.
5
Let c(y) = y - 6. Let f be c(11). Suppose f*i - 319 + 19 = 0. What is the greatest common divisor of 20 and i?
20
Let n = 476 - 314. What is the highest common factor of 18 and n?
18
Let w(r) = -r + 4. Let u be w(0). Suppose -u*i - 9 = -i. Let t be ((-8)/i)/((-3)/(-9)). What is the greatest common factor of 56 and t?
8
Suppose 0 = -t - 3*d + 72, 4*t + 2*d - 328 = -0*d. Let k be 8/(-20) + 186/15. Calculate the highest common divisor of t and k.
12
Let k be 26/5*(-3)/(18/(-15)). What is the greatest common divisor of k and 39?
13
Let t(q) = 32*q + 5. Let r(p) = p - 1. Let j(y) = -2*r(y) - t(y). Let w be j(-2). What is the highest common divisor of w and 13?
13
Suppose 0 = 3*d + 3*f - 204, 5*d - 5*f + 7*f - 325 = 0. Calculate the highest common factor of 42 and d.
21
Let z(g) = g**3 + 8*g**2 + 12*g + 19. Let v be z(-6). Calculate the highest common divisor of v and 171.
19
Let q(i) = -7*i**3 - i**2 + 2. Let u be q(-2). Calculate the highest common factor of 18 and u.
18
Suppose s = -t - 12, -3*t = -0*t + s + 30. Let u be (198/(-4))/(t/12). What is the greatest common factor of u and 6?
6
Let r be (-1)/1 + (-32)/(-2). Let z(d) = d + 10. Let o be z(-8). Suppose 0 = 2*g - o - 4. What is the highest common factor of g and r?
3
Let v = 41 + 8. Let n be 1*(-38)/(-4)*2. Let z = n - 12. Calculate the highest common factor of v and z.
7
Let a = 37 + -13. Let y = -47 + 28. Let b = -11 - y. What is the highest common divisor of a and b?
8
Suppose 4*o - 2*x = 3*o + 88, -x + 334 = 4*o. Suppose o = 4*v - 2*v. What is the highest common factor of 6 and v?
6
Suppose -4 = -9*a + 11*a. Let s be a/4*224/(-2). What is the greatest common divisor of 8 and s?
8
Suppose 3*t + 3 = 6, t - 71 = -5*z. Calculate the highest common divisor of 14 and z.
14
Let w = 101 - 47. Let i = -13 - -19. Calculate the highest common factor of w and i.
6
Suppose 0 = d + d + 10. Let o be 52/10 + 1/d. What is the greatest common factor of o and 30?
5
Let o = -53 - -57. Calculate the greatest common divisor of o and 16.
4
Let a(i) = 3*i - 2. Let t be a(3). Calculate the highest common divisor of t and 35.
7
Let p = -3 - -4. Suppose -6*f + 0*f + 54 = 0. Calculate the highest common divisor of f and p.
1
Suppose -14*z = -2*z - 144. Suppose 0*q = -3*q + 288. Calculate the greatest common divisor of z and q.
12
Suppose 0 = -n - 2, 58 = 2*a - 0*a - 5*n. What is the greatest common divisor of a and 168?
24
Let b = 355 + 337. Let t be (-4)/18 + b/36. What is the greatest common divisor of t and 95?
19
Let n = 237 + -156. Suppose -7*g + 3*g = -2*y - 38, 4*y = -g + 5. Calculate the greatest common factor of g and n.
9
Let g = 81 - 27. Calculate the highest common factor of 12 and g.
6
Let i = 185 - 89. Let a be (-26 - -2)*(-2)/4. Calculate the highest common factor of i and a.
12
Suppose z - 3 - 27 = 0. Calculate the highest common factor of 10 and z.
10
Let v(w) = -47*w - 1. Let m be v(-1). Calculate the highest common divisor of m and 23.
23
Let y(l) = l**2 - 9*l - 14. Let m be y(-10). What is the highest common divisor of m and 8?